 what is 1101011000001100100011 + -100?
1101011000001100011111
In base 7, what is -4 - -3533126?
3533122
In base 13, what is 90a + 19?
926
In base 5, what is -1 - -2040134?
2040133
In base 14, what is 19a + -255?
-99
In base 16, what is -1ee7 + 0?
-1ee7
In base 2, what is 100 + -100100010010?
-100100001110
In base 9, what is -2153 - 2?
-2155
In base 11, what is 4323 - 5a?
4274
In base 10, what is 6648 - -29?
6677
In base 5, what is 14203 - 132?
14021
In base 11, what is 5201 + -105?
50a7
In base 14, what is 215 - -4a?
261
In base 12, what is 509 + -197?
332
In base 3, what is -10101020 + -2201?
-10110221
In base 2, what is 10111101111100 + 1011010?
10111111010110
In base 2, what is 1111110111 - 10010000?
1101100111
In base 16, what is -1 + -3d5c4?
-3d5c5
In base 3, what is 22 + 1222011?
1222110
In base 16, what is 3 - -14594?
14597
In base 11, what is 2 - -17a915?
17a917
In base 12, what is -43 + 272?
22b
In base 7, what is -5 + -31012?
-31020
In base 7, what is 14 - 2236031?
-2236014
In base 13, what is -5 - -339a9?
339a4
In base 13, what is 176 + 4b?
1c4
In base 15, what is 9 - ce7?
-cdd
In base 7, what is -5 - 403222?
-403230
In base 13, what is -33 + -609?
-63c
In base 5, what is 2312 - 21?
2241
In base 8, what is -10346 + -443?
-11011
In base 2, what is -110 - 100111101110111011?
-100111101111000001
In base 5, what is -202 - -10033?
4331
In base 11, what is 9 - -594?
5a2
In base 16, what is c + f72e?
f73a
In base 9, what is -2402 - -182?
-2210
In base 16, what is 6438 - 3?
6435
In base 8, what is -1054 - 1657?
-2733
In base 12, what is 4 - 16aa7?
-16aa3
In base 4, what is 23301 + -333303?
-310002
In base 10, what is -4 - -18829?
18825
In base 4, what is 2031333 - -3?
2032002
In base 10, what is 2935 + 2?
2937
In base 10, what is -2732 - 27?
-2759
In base 16, what is 0 + -e00?
-e00
In base 16, what is -5 - -4859?
4854
In base 8, what is -522 - -552?
30
In base 10, what is -2 - 17751?
-17753
In base 16, what is c180 + -1?
c17f
In base 7, what is 2034332 + 4?
2034336
In base 11, what is 32 + -17a66?
-17a34
In base 16, what is -5 + a4024?
a401f
In base 8, what is -1331 + -1554?
-3105
In base 2, what is 10010110011111 - 11101000?
10010010110111
In base 6, what is -205 + -5124?
-5333
In base 11, what is -2 + -25244?
-25246
In base 16, what is -20f5 - -9?
-20ec
In base 11, what is -3a154 - 2?
-3a156
In base 11, what is -72906 + 34?
-72882
In base 12, what is 10970a - 0?
10970a
In base 14, what is 29038 - 4?
29034
In base 16, what is -2361 - -13?
-234e
In base 6, what is -100522 + -5?
-100531
In base 7, what is 5 - 6563443?
-6563435
In base 4, what is 1131332 + 20?
1132012
In base 4, what is -11 - -3310221?
3310210
In base 16, what is 2 - -47a6?
47a8
In base 4, what is 2121001210 + 3?
2121001213
In base 3, what is 0 - -1212121?
1212121
In base 2, what is 100101 + 110101010111010?
110101011011111
In base 15, what is -990 - -27?
-968
In base 15, what is -6e3b5 + 2?
-6e3b3
In base 8, what is 266 + 347?
635
In base 14, what is -3b50 + -14?
-3b64
In base 6, what is 130 - 10401?
-10231
In base 10, what is -724 + 18?
-706
In base 15, what is -1 - -144?
143
In base 4, what is 231001 + 20221?
311222
In base 9, what is 3 - -114150?
114153
In base 6, what is -1 + -3430210?
-3430211
In base 10, what is 515 + 1096?
1611
In base 10, what is 733 - 4?
729
In base 2, what is -10110011101001011 + -100?
-10110011101001111
In base 6, what is 10053005 + 2?
10053011
In base 2, what is -1001 + 100000101000?
100000011111
In base 11, what is -2 + -300677?
-300679
In base 15, what is -4 + -719cc?
-719d1
In base 16, what is 5 + -459f?
-459a
In base 4, what is -13212100 - 23?
-13212123
In base 6, what is 1331 + 12424?
14155
In base 13, what is 40b - 860?
-452
In base 15, what is -4 - 30db?
-30e0
In base 2, what is -100001110001001 + -10?
-100001110001011
In base 2, what is -10000111000000 + 10?
-10000110111110
In base 11, what is 4 - -153587?
153590
In base 10, what is 65 + 82?
147
In base 8, what is -216 - 604?
-1022
In base 13, what is 1 - -29a9?
29aa
In base 5, what is -13 - 20042?
-20110
In base 2, what is -10100011001 - -100?
-10100010101
In base 8, what is -3 - -5475?
5472
In base 6, what is -11542434 + 1?
-11542433
In base 16, what is 1 + 56a30?
56a31
In base 7, what is 23 + 160215?
160241
In base 2, what is -100100111001101 - -11000?
-100100110110101
In base 14, what is -19272 + -7?
-19279
In base 10, what is 10476 - 4?
10472
In base 15, what is e0d65 + 4?
e0d69
In base 9, what is -11152 + 60?
-11082
In base 8, what is -1345 + 166?
-1157
In base 5, what is 111 + 21122043?
21122204
In base 10, what is 3 - 52463?
-52460
In base 2, what is 1100100101110010 + 0?
1100100101110010
In base 12, what is 47967 - 4?
47963
In base 3, what is 11001 - -1120122?
1201200
In base 6, what is -241223 - -3?
-241220
In base 16, what is -22a95 + 0?
-22a95
In base 3, what is 21120 - 20201?
212
In base 4, what is 1300203 + -213?
1233330
In base 13, what is 1569375 + -5?
1569370
In base 11, what is -21 + 215a4?
21583
In base 4, what is -301 - 21132202?
-21133103
In base 6, what is 12405 - -42?
12451
In base 10, what is 0 - 12933?
-12933
In base 14, what is 1 + -121924?
-121923
In base 16, what is -12ecb - -12?
-12eb9
In base 3, what is -22 + 11011220?
11011121
In base 12, what is 178aa5 + -3?
178aa2
In base 10, what is 4 + -27025?
-27021
In base 6, what is -14345433 + 2?
-14345431
In base 6, what is -5221 + 113?
-5104
In base 3, what is 2220 - 10221120?
-10211200
In base 7, what is -54 + -15400?
-15454
In base 4, what is -13000 - -222?
-12112
In base 14, what is -1a591 - c?
-1a59d
In base 10, what is -5389 - -21?
-5368
In base 6, what is -1221 - -1225?
4
In base 4, what is 3131231 - -12?
3131303
In base 9, what is 14581 + -12?
14568
In base 15, what is -87 + 16c9?
1642
In base 7, what is 366 - -3124?
3523
In base 11, what is -5353 - 1?
-5354
In base 2, what is 101011000101101110011 + 100?
101011000101101110111
In base 10, what is 623 - -469?
1092
In base 15, what is 22b - -99c?
bc8
In base 2, what is -1 + -10000010000111111100?
-10000010000111111101
In base 4, what is 2302211333 - 2?
2302211331
In base 4, what is -32031231111 - 3?
-32031231120
In base 14, what is -21031 + 1?
-21030
In base 15, what is -5c4d - 2?
-5c50
In base 3, what is -12201 + -1002122?
-1022100
In base 14, what is 58 - -3a61?
3ab9
In base 16, what is 9 - 5280?
-5277
In base 10, what is -6 - 24168?
-24174
In base 14, what is -1 + -4b2c?
-4b2d
In base 11, what is -1 - 869935?
-869936
In base 12, what is -35b - -9?
-352
In base 11, what is 1a68 + 1a?
1a87
In base 2, what is -1 - 1000000000101000000?
-1000000000101000001
In base 11, what is -1 - 2a83?
-2a84
In base 8, what is 325316 - 1?
325315
In base 16, what is -4ed + -19?
-506
In base 5, what is -4103113413 + -4?
-4103113422
In base 3, what is 10002 + 10100002?
10110011
In base 8, what is -2 + 3125?
3123
In base 7, what is 41105 - -33?
41141
In base 12, what is -8 - -880?
874
In base 16, what is -30583 + -3?
-30586
In base 2, what is 1010001110 + 1010?
1010011000
In base 6, what is 0 + 5525521?
5525521
In base 9, what is 7205 + 7?
7213
In base 10, what is -238 + -5284?
-5522
In base 2, what is -1011111111 - 1100011000?
-11000010111
In base 9, what is 3258 + -314?
2844
In base 11, what is -1437094 + 3?
-1437091
In base 8, what is -105 + 775?
670
In base 4, what is 2 - -201213000?
201213002
In base 12, what is -3 + 25ba9?
25ba6
In base 10, what is -1 + 425246?
425245
In base 10, what is -328 + 231?
-97
In base 3, what is -12 + 22121002?
22120220
In base 3, what is -1 + 111200102012?
111200102011
In base 9, what is -15524 + -14?
-15538
In base 4, what is 113002 + -22201?
30201
In base 12, what is -6 + -86a4?
-86aa
In base 11, what is 5 + 4a832?
4a837
In base 8, what is 131 - 23246?
-23115
In base 4, what is 1031001110 + 10?
1031001120
In base 15, what is -1 + -5b86?
-5b87
In base 11, what is -36320 - -5?
-36316
In base 9, what is 28 - -7426?
7455
In base 12, what is -38190 + 15?
-38177
In base 8, what is -126 + -16353?
-16501
In base 13, what is -b04c0 - -c?
-b04b1
In base 16, what is 26609 - 3?
26606
In base 4, what is -300133013 + -1?
-300133020
In base 2, what is -100111100 - -111101101?
10110001
In base 4, what is 31 - -102001?
102032
In base 16, what is -3 + -2dcf